.
-24
Let u(v) = 89*v - 441. Calculate u(5).
4
Let d(o) = o**3 - 29*o**2 + 2*o - 63. What is d(29)?
-5
Let p(j) = 2*j**3 + 2*j**2 + 2*j + 6. What is p(-4)?
-98
Let b(y) = -y**3 + 12*y**2 - 22*y + 1. Determine b(5).
66
Let f(z) = -z**3 - 8*z**2 + 3*z + 14. Give f(-8).
-10
Let o(x) = 3*x**2 - 11*x. What is o(0)?
0
Let x(s) = -s**2 - 12*s + 7. Determine x(-14).
-21
Let h(s) = 11*s + 101. Calculate h(-9).
2
Let k(g) = 2*g**3 + g + 2. Give k(-1).
-1
Let b(t) = t**2 - 8*t + 9. Calculate b(6).
-3
Let n(q) = 7*q**3 + q**2 - 2*q - 4. Calculate n(-1).
-8
Let k(q) = 7*q + 155. Determine k(-17).
36
Let h(a) = -a**2 - 13*a - 8. Give h(-8).
32
Let o(b) = 5*b + 72. What is o(-13)?
7
Let k(z) = -3*z + 11. Determine k(10).
-19
Let i(m) = m**3 + 6*m**2 + 3*m + 2. Determine i(-5).
12
Let m(x) = -x**3 - 9*x**2 - 2*x - 19. Determine m(-9).
-1
Let w(a) = a**2 + 2*a - 29. Calculate w(0).
-29
Let z(w) = -w**3 + 14*w**2 - 48*w + 8. What is z(6)?
8
Let y(b) = 3*b**2 + b - 20. Determine y(0).
-20
Let t(x) = x**3 + 8*x**2 + 10*x + 9. Determine t(-7).
-12
Let j(c) = c**3 + 5*c**2 - 4*c - 20. What is j(-4)?
12
Let l(r) = -r**3 - 7*r**2 + 7*r + 7. Determine l(-8).
15
Let i(a) = -5*a + 36. Give i(7).
1
Let t(q) = -q**3 - 7*q**2 - q - 3. Determine t(-7).
4
Let a(b) = b**2 + 25*b - 148. Give a(-29).
-32
Let c(h) = -h**2 - 5*h + 20. Determine c(3).
-4
Let v(t) = 15*t**2 + 121*t + 11. Calculate v(-8).
3
Let h(b) = 2*b**2 - 7*b + 5. Give h(5).
20
Let j(n) = n - 45. What is j(12)?
-33
Let l(x) = 44*x + 258. Determine l(-6).
-6
Let p(z) = -z**2 + 2*z + 2. Determine p(-2).
-6
Let q(l) = 8*l - 6. Calculate q(5).
34
Let v(p) = p**3 - 28*p**2 + 49*p + 78. Give v(26).
0
Let m(c) = 10*c + 45. What is m(-6)?
-15
Let t(d) = -45*d - 6. Determine t(1).
-51
Let v(u) = -u**2 - u + 31. Give v(0).
31
Let l(t) = 58*t + 15. Calculate l(-2).
-101
Let z(c) = -c**3 - 11*c**2 - 20*c + 2. Determine z(-9).
20
Let a(c) = 24*c + 1. What is a(-3)?
-71
Let j(m) = -3*m + 26. Give j(13).
-13
Let s(a) = a**2 - 5*a + 3. Give s(5).
3
Let k(f) = -21*f + 319. Give k(15).
4
Let l(p) = 17*p. Determine l(-1).
-17
Let w(v) = 7*v - 1. What is w(1)?
6
Let m(k) = -k**2 + 11*k + 15. Give m(13).
-11
Let y(h) = h**2 - 19*h - 8. Give y(10).
-98
Let p(a) = -2*a**3 + 3. Give p(-2).
19
Let i(z) = 2*z - 18. What is i(8)?
-2
Let o(p) = -p**3 - 3*p**2 + 4*p - 1. What is o(-3)?
-13
Let f(l) = l**3 - 16*l + 2. Determine f(-4).
2
Let t(w) = -3*w**2 - 8*w + 1. Give t(-4).
-15
Let n(r) = -7*r + 53. What is n(9)?
-10
Let l(d) = -2*d**2 + 6*d + 3. Give l(5).
-17
Let q(g) = -2*g**2 + 23*g - 41. Calculate q(7).
22
Let j(d) = -d. Determine j(3).
-3
Let y(c) = c**2 + 13*c + 7. Give y(-14).
21
Let j(n) = 2*n**3 + 4*n + 3. Determine j(-2).
-21
Let k(h) = h**3 - 10*h**2 + 6*h + 83. Determine k(8).
3
Let m(w) = -3*w + 30. What is m(7)?
9
Let z(n) = -n**3 - 14*n**2 + 52*n + 6. Determine z(-17).
-11
Let s(f) = -6*f**3 + 2*f**2 - 2*f - 1. Calculate s(2).
-45
Let i(r) = -6*r + 210. Give i(31).
24
Let x(z) = -5*z - 8. Give x(-6).
22
Let m(u) = 2*u**3 + 88*u**2 + 83*u - 127. What is m(-43)?
2
Let n(z) = -z**3 - 15*z**2 - 15*z - 2. Give n(-14).
12
Let r(q) = 4*q**2 + q - 5. Determine r(-3).
28
Let d(t) = 4*t - 17. Determine d(5).
3
Let w(t) = t - 24. Give w(18).
-6
Let l(a) = a**2 + 3*a + 5. Give l(10).
135
Let v(t) = t**2 + 15*t - 3. What is v(-12)?
-39
Let y(x) = x**2 + 3*x + 9. Calculate y(-6).
27
Let w(i) = -2*i**2 - 2*i + 6. Give w(-2).
2
Let f(h) = -h - 6. Calculate f(-13).
7
Let p(d) = -5*d + 6. What is p(5)?
-19
Let j(h) = -h**3 - 11*h**2 - 8*h + 30. Determine j(-10).
10
Let c(r) = 5*r - 3. Determine c(4).
17
Let m(w) = -21*w + 1569. What is m(75)?
-6
Let v(i) = 2*i + 10. Give v(-15).
-20
Let a(y) = -y**3 + y**2 + 4*y - 5. What is a(-4)?
59
Let t(w) = 33*w - 1. Give t(1).
32
Let n(o) = o**2 + 7*o + 4. Determine n(-5).
-6
Let w(j) = 5*j - 1. What is w(0)?
-1
Let i(s) = s**3 - 11*s**2 - 9*s + 98. Give i(12).
134
Let v(d) = 20*d + 279. What is v(-14)?
-1
Let b(l) = 3*l**2 + 6*l - 5. Calculate b(-4).
19
Let m(u) = -u**3 + 6*u**2 + u + 15. Give m(5).
45
Let o(v) = 13*v**2 - 2*v - 4. What is o(3)?
107
Let c(v) = -v**2 + 28*v - 120. Calculate c(6).
12
Let v(z) = -z**2 + 2. What is v(2)?
-2
Let x(o) = -o**2 - 11*o + 15. Give x(-10).
25
Let q(j) = 131*j - 773. Determine q(6).
13
Let o(b) = -b + 2. Calculate o(-7).
9
Let c(m) = -m - 3. What is c(-2)?
-1
Let a(h) = -6*h + 16. Determine a(6).
-20
Let b(f) = 14*f - 12. Determine b(3).
30
Let w(p) = 2*p - 12. Give w(7).
2
Let t(p) = p**2 + 10*p + 17. Give t(-8).
1
Let z(n) = n + 36. What is z(-19)?
17
Let y(r) = r**3 + r**2 + 6*r + 8. Give y(0).
8
Let v(z) = 29*z**2 + 2*z - 1. What is v(1)?
30
Let c(h) = -2*h**2 + 15*h - 5. Give c(7).
2
Let d(p) = -p**3 - 16*p**2 - 26*p + 19. What is d(-14)?
-9
Let z(y) = -y**2 + 7*y + 16. Determine z(9).
-2
Let w(m) = -9*m + 39. Determine w(23).
-168
Let h(v) = v**3 - 8*v**2 + 3*v + 4. Give h(7).
-24
Let i(r) = 9*r + 30. Give i(-6).
-24
Let d(o) = o**3 - 9*o**2 - 14*o - 9. What is d(10)?
-49
Let q(y) = -5*y + 29. Determine q(7).
-6
Let b(d) = 4*d**3 - 2*d**2 - 6*d + 11. What is b(2)?
23
Let q(b) = -2*b**3 - 6*b**2 - 2*b + 1. What is q(-3)?
7
Let z(h) = -h**3 + 17*h**2 + 14*h + 72. What is z(18)?
0
Let r(x) = -2*x + 11. Calculate r(6).
-1
Let l(b) = -b**2 - 2*b. What is l(5)?
-35
Let n(u) = -47*u - 229. Calculate n(-5).
6
Let m(z) = -9*z + 44. Give m(7).
-19
Let r(k) = k + 7. What is r(-5)?
2
Let o(a) = -a**3 + 4*a**2 + 73*a - 15. Give o(-7).
13
Let g(a) = a**3 + 4*a**2 + 8*a + 3. What is g(-2)?
-5
Let n(t) = -2*t + 7. Calculate n(3).
1
Let h(m) = m**3 - 36*m**2 + 128*m + 3. Calculate h(32).
3
Let c(n) = n**3 + 4*n**2 + 2*n + 3. Give c(-3).
6
Let z(j) = 6*j - 8. Determine z(7).
34
Let c(v) = 4*v**2 + 19*v + 1. Determine c(-5).
6
Let n(p) = -8*p + 88. What is n(10)?
8
Let l(f) = -f**2 + 5*f + 4. What is l(3)?
10
Let t(w) = 3*w**2 - 9*w - 2. What is t(4)?
10
Let m(k) = k + 15. Calculate m(-15).
0
Let y(c) = -2*c**3 - 8*c**2 - 9*c - 5. What is y(-3)?
4
Let l(q) = 40*q**2 + 1. Calculate l(1).
41
Let u(m) = -23*m + 36. What is u(3)?
-33
Let c(s) = -3*s**3 + 111*s**2 - 107*s - 45. Calculate c(36).
-9
Let u(v) = -v**2 - 18*v + 134. Give u(-24).
-10
Let z(s) = 7*s - 28. Calculate z(-7).
-77
Let p(q) = -q**3 + 3*q**2 + 7*q - 1. Calculate p(5).
-16
Let h(f) = f**3 - 8*f**2 + 4*f - 5. Calculate h(7).
-26
Let t(h) = -3*h - 21. Calculate t(-20).
39
Let v(r) = -7*r**2 - 27*r - 7. Determine v(-5).
-47
Let j(o) = 17*o - 34. What is j(2)?
0
Let g(h) = -h**3 - 3*h**2 - h - 1. Give g(-3).
2
Let f(t) = t**2 - 18*t + 37. Give f(15).
-8
Let d(j) = -j**3 - 67*j**2 + 135*j - 206. Give d(-69).
1
Let y(v) = v**2 - 9*v + 11. Determine y(9).
11
Let c(x) = 44*x - 127. Give c(3).
5
Let c(r) = -5*r**2 + 3*r - 2. What is c(-2)?
-28
Let d(h) = -h**3 + 13*h**2 - 2*h + 25. What is d(13)?
-1
Let q(r) = -r - 28. Calculate q(-21).
-7
Let o(a) = a**3 - 7*a**2 + 5*a + 1. Determine o(6).
-5
Let m(v) = -2*v**2 - 5*v - 4. Calculate m(5).
-79
Let h(v) = -5*v**2 + 10*v - 4. Give h(2).
-4
Let z(x) = -x + 27. What is z(10)?
17
Let m(u) = u**3 - 4*u**2 + 4*u - 3. Calculate m(3).
0
Let t(h) = h - 4. Calculate t(0).
-4
Let z(c) = 2*c**2 + 56*c + 249. Give z(-22).
-15
Let p(y) = -y + 36. What is p(0)?
36
Let r(j) = 4*j + 20. Give r(6).
44
Let g(x) = -45*x + 1533. Give g(34).
3
Let p(h) = -2*h - 12. What is p(-9)?
6
Let d(x) = x**3 - 25*x**2 - 30*x + 747. Give d(25).
-3
Let y(x) = 2*x**2 - x - 4. What is y(-4)?
32
Let z(x) = -16*x - 2. What is z(-2)?
30
Let x(k) = k**2 + 27*k + 114. Determine x(-22).
4
Let j(f) = 52*f + 61. Determine j(-1).
9
Let r(o) = 8*o + 57. Calculate r(-7).
1
Let x(l) = 23*l - 1. Determine x(-2).
-47
Let s(r) = -r**3 + 3*r**2 - r - 7. What is s(3)?
-10
Let b(v) = 11*v + 296. Determine b(-27).
-1
Let g(q) = 4*q + 4. What is g(1)?
8
Let v(y) = -y**3 + 8*y**2 + 16*y - 130. Determine v(8).
-2
Let i(z) = -z**2 - 26*z - 8. Calculate i(0).
-8
Let x(i) = i**2 + 18*i + 61. Determine x(-8).
-19
Let z(o) = o**3 - 68*o**2 - 211*o - 146. Calculate z(71).
-4
Let y(a) = 4*a**2 + 34*a + 4. Calculate y(-8).
-12
Let n(h) = 57*h**2 - 1. What is n(1)?
56
Let a(h) = 40*h**2 + h. Determine a(-1).
39
Let x(l) = 2*l + 42. What is x(-21)?
0
Let g(z) = z**3 + 21*z**2 - 23*z - 22. What is g(-22)?
0
Let w(d) = d**3 + 2*d**2 -